[INFO] cloning repository https://github.com/KrutNA/volume-level-ui
[INFO] running `Command { std: "git" "-c" "credential.helper=" "-c" "credential.helper=/workspace/cargo-home/bin/git-credential-null" "clone" "--bare" "https://github.com/KrutNA/volume-level-ui" "/workspace/cache/git-repos/https%3A%2F%2Fgithub.com%2FKrutNA%2Fvolume-level-ui", kill_on_drop: false }`
[INFO] [stderr] Cloning into bare repository '/workspace/cache/git-repos/https%3A%2F%2Fgithub.com%2FKrutNA%2Fvolume-level-ui'...
[INFO] running `Command { std: "git" "rev-parse" "HEAD", kill_on_drop: false }`
[INFO] [stdout] 86321c4494f2d3071c1c0e1d5f50fce03252d779
[INFO] checking KrutNA/volume-level-ui against master#af3c6e733a40e671550e0f0f5aeecaa13772ba56 for pr-74989
[INFO] running `Command { std: "git" "clone" "/workspace/cache/git-repos/https%3A%2F%2Fgithub.com%2FKrutNA%2Fvolume-level-ui" "/workspace/builds/worker-7/source", kill_on_drop: false }`
[INFO] [stderr] Cloning into '/workspace/builds/worker-7/source'...
[INFO] [stderr] done.
[INFO] validating manifest of git repo https://github.com/KrutNA/volume-level-ui on toolchain af3c6e733a40e671550e0f0f5aeecaa13772ba56
[INFO] running `Command { std: "/workspace/cargo-home/bin/cargo" "+af3c6e733a40e671550e0f0f5aeecaa13772ba56" "read-manifest" "--manifest-path" "Cargo.toml", kill_on_drop: false }`
[INFO] started tweaking git repo https://github.com/KrutNA/volume-level-ui
[INFO] removed path dependency iced from git repo https://github.com/KrutNA/volume-level-ui
[INFO] removed path dependency iced_graphics from git repo https://github.com/KrutNA/volume-level-ui
[INFO] removed path dependency iced_native from git repo https://github.com/KrutNA/volume-level-ui
[INFO] removed path dependency iced_style from git repo https://github.com/KrutNA/volume-level-ui
[INFO] removed path dependency iced_wgpu from git repo https://github.com/KrutNA/volume-level-ui
[INFO] finished tweaking git repo https://github.com/KrutNA/volume-level-ui
[INFO] tweaked toml for git repo https://github.com/KrutNA/volume-level-ui written to /workspace/builds/worker-7/source/Cargo.toml
[INFO] crate git repo https://github.com/KrutNA/volume-level-ui already has a lockfile, it will not be regenerated
[INFO] running `Command { std: "/workspace/cargo-home/bin/cargo" "+af3c6e733a40e671550e0f0f5aeecaa13772ba56" "fetch" "--locked" "--manifest-path" "Cargo.toml", kill_on_drop: false }`
[INFO] [stderr] warning: dependency (iced) specified without providing a local path, Git repository, or version to use. This will be considered an error in future versions
[INFO] [stderr] warning: dependency (iced_graphics) specified without providing a local path, Git repository, or version to use. This will be considered an error in future versions
[INFO] [stderr] warning: dependency (iced_native) specified without providing a local path, Git repository, or version to use. This will be considered an error in future versions
[INFO] [stderr] warning: dependency (iced_style) specified without providing a local path, Git repository, or version to use. This will be considered an error in future versions
[INFO] [stderr] warning: dependency (iced_wgpu) specified without providing a local path, Git repository, or version to use. This will be considered an error in future versions
[INFO] [stderr]     Updating crates.io index
[INFO] [stderr] error: the lock file /workspace/builds/worker-7/source/Cargo.lock needs to be updated but --locked was passed to prevent this
[INFO] [stderr] If you want to try to generate the lock file without accessing the network, use the --offline flag.
[INFO] the lockfile is outdated, regenerating it
[INFO] running `Command { std: "/workspace/cargo-home/bin/cargo" "+af3c6e733a40e671550e0f0f5aeecaa13772ba56" "generate-lockfile" "--manifest-path" "Cargo.toml" "-Zno-index-update", kill_on_drop: false }`
[INFO] running `Command { std: "/workspace/cargo-home/bin/cargo" "+af3c6e733a40e671550e0f0f5aeecaa13772ba56" "fetch" "--locked" "--manifest-path" "Cargo.toml", kill_on_drop: false }`
[INFO] [stderr] warning: dependency (iced) specified without providing a local path, Git repository, or version to use. This will be considered an error in future versions
[INFO] [stderr] warning: dependency (iced_graphics) specified without providing a local path, Git repository, or version to use. This will be considered an error in future versions
[INFO] [stderr] warning: dependency (iced_native) specified without providing a local path, Git repository, or version to use. This will be considered an error in future versions
[INFO] [stderr] warning: dependency (iced_style) specified without providing a local path, Git repository, or version to use. This will be considered an error in future versions
[INFO] [stderr] warning: dependency (iced_wgpu) specified without providing a local path, Git repository, or version to use. This will be considered an error in future versions
[INFO] [stderr]     Blocking waiting for file lock on package cache
[INFO] running `Command { std: "docker" "create" "-v" "/var/lib/crater-agent-workspace/builds/worker-7/target:/opt/rustwide/target:rw,Z" "-v" "/var/lib/crater-agent-workspace/builds/worker-7/source:/opt/rustwide/workdir:ro,Z" "-v" "/var/lib/crater-agent-workspace/cargo-home:/opt/rustwide/cargo-home:ro,Z" "-v" "/var/lib/crater-agent-workspace/rustup-home:/opt/rustwide/rustup-home:ro,Z" "-e" "SOURCE_DIR=/opt/rustwide/workdir" "-e" "CARGO_TARGET_DIR=/opt/rustwide/target" "-e" "CARGO_HOME=/opt/rustwide/cargo-home" "-e" "RUSTUP_HOME=/opt/rustwide/rustup-home" "-w" "/opt/rustwide/workdir" "-m" "1610612736" "--user" "0:0" "--network" "none" "rustops/crates-build-env@sha256:d92eaeed33fa75130ca1ee6c8a01d1ffb62bac859dfdfb3450e3e5d1c0146529" "/opt/rustwide/cargo-home/bin/cargo" "+af3c6e733a40e671550e0f0f5aeecaa13772ba56" "metadata" "--no-deps" "--format-version=1", kill_on_drop: false }`
[INFO] [stdout] f86f65be26bd96b9f1276adfb21a2facdddf6a46650b922957b48f5227f27eaf
[INFO] [stderr] WARNING: Your kernel does not support swap limit capabilities or the cgroup is not mounted. Memory limited without swap.
[INFO] running `Command { std: "docker" "start" "-a" "f86f65be26bd96b9f1276adfb21a2facdddf6a46650b922957b48f5227f27eaf", kill_on_drop: false }`
[INFO] running `Command { std: "docker" "inspect" "f86f65be26bd96b9f1276adfb21a2facdddf6a46650b922957b48f5227f27eaf", kill_on_drop: false }`
[INFO] running `Command { std: "docker" "rm" "-f" "f86f65be26bd96b9f1276adfb21a2facdddf6a46650b922957b48f5227f27eaf", kill_on_drop: false }`
[INFO] [stdout] f86f65be26bd96b9f1276adfb21a2facdddf6a46650b922957b48f5227f27eaf
[INFO] running `Command { std: "docker" "create" "-v" "/var/lib/crater-agent-workspace/builds/worker-7/target:/opt/rustwide/target:rw,Z" "-v" "/var/lib/crater-agent-workspace/builds/worker-7/source:/opt/rustwide/workdir:ro,Z" "-v" "/var/lib/crater-agent-workspace/cargo-home:/opt/rustwide/cargo-home:ro,Z" "-v" "/var/lib/crater-agent-workspace/rustup-home:/opt/rustwide/rustup-home:ro,Z" "-e" "SOURCE_DIR=/opt/rustwide/workdir" "-e" "CARGO_TARGET_DIR=/opt/rustwide/target" "-e" "CARGO_INCREMENTAL=0" "-e" "RUST_BACKTRACE=full" "-e" "RUSTFLAGS=--cap-lints=forbid" "-e" "CARGO_HOME=/opt/rustwide/cargo-home" "-e" "RUSTUP_HOME=/opt/rustwide/rustup-home" "-w" "/opt/rustwide/workdir" "-m" "1610612736" "--user" "0:0" "--network" "none" "rustops/crates-build-env@sha256:d92eaeed33fa75130ca1ee6c8a01d1ffb62bac859dfdfb3450e3e5d1c0146529" "/opt/rustwide/cargo-home/bin/cargo" "+af3c6e733a40e671550e0f0f5aeecaa13772ba56" "check" "--frozen" "--all" "--all-targets" "--message-format=json", kill_on_drop: false }`
[INFO] [stdout] 60faf1ec9b1fe22ffd4321c1e03fcfa097d9a8ace4009e67732c929dd8bb435d
[INFO] [stderr] WARNING: Your kernel does not support swap limit capabilities or the cgroup is not mounted. Memory limited without swap.
[INFO] running `Command { std: "docker" "start" "-a" "60faf1ec9b1fe22ffd4321c1e03fcfa097d9a8ace4009e67732c929dd8bb435d", kill_on_drop: false }`
[INFO] [stderr] warning: dependency (iced) specified without providing a local path, Git repository, or version to use. This will be considered an error in future versions
[INFO] [stderr] warning: dependency (iced_graphics) specified without providing a local path, Git repository, or version to use. This will be considered an error in future versions
[INFO] [stderr] warning: dependency (iced_native) specified without providing a local path, Git repository, or version to use. This will be considered an error in future versions
[INFO] [stderr] warning: dependency (iced_style) specified without providing a local path, Git repository, or version to use. This will be considered an error in future versions
[INFO] [stderr] warning: dependency (iced_wgpu) specified without providing a local path, Git repository, or version to use. This will be considered an error in future versions
[INFO] [stderr]    Compiling libc v0.2.77
[INFO] [stderr]    Compiling pkg-config v0.3.18
[INFO] [stderr]    Compiling autocfg v1.0.1
[INFO] [stderr]    Compiling log v0.4.11
[INFO] [stderr]    Compiling proc-macro2 v1.0.21
[INFO] [stderr]    Compiling unicode-xid v0.2.1
[INFO] [stderr]    Compiling proc-macro2 v0.4.30
[INFO] [stderr]    Compiling xml-rs v0.8.3
[INFO] [stderr]    Compiling libloading v0.6.3
[INFO] [stderr]     Checking once_cell v1.4.1
[INFO] [stderr]    Compiling cc v1.0.59
[INFO] [stderr]    Compiling syn v1.0.40
[INFO] [stderr]     Checking downcast-rs v1.2.0
[INFO] [stderr]     Checking smallvec v1.4.2
[INFO] [stderr]    Compiling getrandom v0.1.15
[INFO] [stderr]    Compiling syn v0.15.44
[INFO] [stderr]    Compiling version_check v0.9.2
[INFO] [stderr]     Checking linked-hash-map v0.5.3
[INFO] [stderr]    Compiling pin-project-internal v0.4.23
[INFO] [stderr]     Checking rustc-hash v1.1.0
[INFO] [stderr]    Compiling proc-macro-nested v0.1.6
[INFO] [stderr]    Compiling nix v0.14.1
[INFO] [stderr]     Checking scoped-tls v1.0.0
[INFO] [stderr]     Checking futures-core v0.3.5
[INFO] [stderr]    Compiling proc-macro-hack v0.5.18
[INFO] [stderr]     Checking futures-sink v0.3.5
[INFO] [stderr]     Checking ppv-lite86 v0.2.9
[INFO] [stderr]     Checking pin-utils v0.1.0
[INFO] [stderr]    Compiling nix v0.18.0
[INFO] [stderr]     Checking lazycell v1.3.0
[INFO] [stderr]     Checking futures-io v0.3.5
[INFO] [stderr]     Checking atom v0.3.5
[INFO] [stderr]     Checking nodrop v0.1.14
[INFO] [stderr]     Checking colorful v0.2.1
[INFO] [stderr]     Checking xdg v2.2.0
[INFO] [stderr]     Checking vec_map v0.8.2
[INFO] [stderr]     Checking xi-unicode v0.2.1
[INFO] [stderr]     Checking copyless v0.1.5
[INFO] [stderr]     Checking iced_core v0.2.1
[INFO] [stderr]    Compiling glam v0.8.7
[INFO] [stderr]     Checking unicode-segmentation v1.6.0
[INFO] [stderr]     Checking float-ord v0.2.0
[INFO] [stderr]     Checking instant v0.1.6
[INFO] [stderr]     Checking svg_fmt v0.2.1
[INFO] [stderr]     Checking iced_graphics v0.0.0
[INFO] [stderr]     Checking lock_api v0.3.4
[INFO] [stderr]     Checking futures-task v0.3.5
[INFO] [stderr]     Checking futures-channel v0.3.5
[INFO] [stderr]    Compiling cmake v0.1.44
[INFO] [stderr]     Checking hibitset v0.6.3
[INFO] [stderr]    Compiling num-traits v0.2.12
[INFO] [stderr]    Compiling memoffset v0.5.5
[INFO] [stderr]    Compiling crossbeam-utils v0.7.2
[INFO] [stderr]    Compiling crossbeam-epoch v0.8.2
[INFO] [stderr]     Checking iced_style v0.1.0
[INFO] [stderr]    Compiling nom v5.1.2
[INFO] [stderr]    Compiling wayland-sys v0.27.0
[INFO] [stderr]    Compiling x11 v2.18.2
[INFO] [stderr]    Compiling servo-fontconfig-sys v4.0.9
[INFO] [stderr]    Compiling x11-dl v2.18.5
[INFO] [stderr]    Compiling libpulse-sys v1.13.2
[INFO] [stderr]     Checking arrayvec v0.4.12
[INFO] [stderr]     Checking stb_truetype v0.3.1
[INFO] [stderr]     Checking dlib v0.4.2
[INFO] [stderr]     Checking relevant v0.4.2
[INFO] [stderr]     Checking wayland-sys v0.23.6
[INFO] [stderr]    Compiling quote v0.6.13
[INFO] [stderr]    Compiling wayland-scanner v0.23.6
[INFO] [stderr]    Compiling quote v1.0.7
[INFO] [stderr]    Compiling servo-freetype-sys v4.0.5
[INFO] [stderr]    Compiling expat-sys v2.1.6
[INFO] [stderr]    Compiling wayland-scanner v0.27.0
[INFO] [stderr]     Checking crossbeam-deque v0.7.3
[INFO] [stderr]     Checking approx v0.3.2
[INFO] [stderr]     Checking ordered-float v1.1.0
[INFO] [stderr]     Checking line_drawing v0.7.0
[INFO] [stderr]     Checking euclid v0.20.14
[INFO] [stderr]     Checking num_cpus v1.13.0
[INFO] [stderr]     Checking raw-window-handle v0.3.3
[INFO] [stderr]     Checking nix v0.17.0
[INFO] [stderr]     Checking memmap v0.7.0
[INFO] [stderr]     Checking iovec v0.1.4
[INFO] [stderr]     Checking net2 v0.2.35
[INFO] [stderr]     Checking shared_library v0.1.9
[INFO] [stderr]     Checking parking_lot_core v0.6.2
[INFO] [stderr]     Checking parking_lot_core v0.7.2
[INFO] [stderr]     Checking dirs v1.0.5
[INFO] [stderr]     Checking servo-fontconfig v0.4.0
[INFO] [stderr]     Checking freetype v0.4.1
[INFO] [stderr]     Checking gfx-hal v0.4.1
[INFO] [stderr]     Checking rusttype v0.8.3
[INFO] [stderr]     Checking mio v0.6.22
[INFO] [stderr]     Checking ash v0.29.0
[INFO] [stderr]     Checking rand_core v0.5.1
[INFO] [stderr]     Checking parking_lot v0.9.0
[INFO] [stderr]     Checking parking_lot v0.10.2
[INFO] [stderr]     Checking lyon_geom v0.14.1
[INFO] [stderr]    Compiling xcb v0.9.0
[INFO] [stderr]     Checking libpulse-binding v2.16.2
[INFO] [stderr]     Checking xcursor v0.3.2
[INFO] [stderr]     Checking rand_chacha v0.2.2
[INFO] [stderr]     Checking rusttype v0.7.9
[INFO] [stderr]     Checking glyph_brush_layout v0.1.9
[INFO] [stderr]    Compiling wayland-client v0.27.0
[INFO] [stderr]    Compiling wayland-protocols v0.27.0
[INFO] [stderr]     Checking mio-extras v2.0.6
[INFO] [stderr]     Checking andrew v0.2.1
[INFO] [stderr]     Checking lyon_path v0.14.0
[INFO] [stderr]    Compiling wayland-client v0.23.6
[INFO] [stderr]    Compiling wayland-protocols v0.23.6
[INFO] [stderr]     Checking rand v0.7.3
[INFO] [stderr]    Compiling synstructure v0.10.2
[INFO] [stderr]     Checking font-kit v0.4.0
[INFO] [stderr]     Checking calloop v0.4.4
[INFO] [stderr]     Checking wayland-commons v0.23.6
[INFO] [stderr]     Checking twox-hash v1.5.0
[INFO] [stderr]     Checking wayland-commons v0.27.0
[INFO] [stderr]     Checking glyph_brush v0.6.3
[INFO] [stderr]    Compiling zerocopy-derive v0.1.4
[INFO] [stderr]    Compiling euclid_macros v0.1.0
[INFO] [stderr]     Checking rendy-descriptor v0.5.1
[INFO] [stderr]     Checking gfx-backend-empty v0.4.0
[INFO] [stderr]     Checking rendy-memory v0.5.2
[INFO] [stderr]     Checking euclid v0.19.9
[INFO] [stderr]     Checking wayland-cursor v0.27.0
[INFO] [stderr]     Checking zerocopy v0.2.8
[INFO] [stderr]     Checking guillotiere v0.4.4
[INFO] [stderr]    Compiling futures-macro v0.3.5
[INFO] [stderr]     Checking clipboard_x11 v0.1.0
[INFO] [stderr]     Checking pin-project v0.4.23
[INFO] [stderr]     Checking futures-util v0.3.5
[INFO] [stderr]     Checking smithay-client-toolkit v0.6.6
[INFO] [stderr]     Checking gfx-backend-vulkan v0.4.3
[INFO] [stderr]     Checking smithay-client-toolkit v0.11.0
[INFO] [stderr]     Checking wgpu-native v0.4.3
[INFO] [stderr]     Checking winit v0.22.2
[INFO] [stderr]     Checking smithay-clipboard v0.5.2
[INFO] [stderr]     Checking clipboard_wayland v0.1.1
[INFO] [stderr]     Checking window_clipboard v0.1.2
[INFO] [stderr]     Checking futures-executor v0.3.5
[INFO] [stderr]     Checking futures v0.3.5
[INFO] [stderr]     Checking iced_futures v0.1.2
[INFO] [stderr]     Checking iced_native v0.2.2
[INFO] [stderr]     Checking iced_winit v0.1.0
[INFO] [stderr]     Checking wgpu v0.4.0
[INFO] [stderr]     Checking wgpu_glyph v0.7.0
[INFO] [stderr]     Checking iced_wgpu v0.2.3
[INFO] [stderr]     Checking iced v0.1.1
[INFO] [stderr]     Checking volume-controller-ui v0.2.5 (/opt/rustwide/workdir)
[INFO] [stdout] error[E0432]: unresolved import `iced_native::mouse`
[INFO] [stdout]  --> src/button/mod.rs:8:13
[INFO] [stdout]   |
[INFO] [stdout] 8 |     layout, mouse, Clipboard, Element, Event, Hasher, Layout, Length, Point, Rectangle, Widget,
[INFO] [stdout]   |             ^^^^^ no `mouse` in the root
[INFO] [stdout] 
[INFO] [stdout] 
[INFO] [stdout] error[E0432]: unresolved imports `iced_graphics::Backend`, `iced_graphics::Primitive`, `iced_graphics::Renderer`
[INFO] [stdout]  --> src/button/graphics.rs:7:21
[INFO] [stdout]   |
[INFO] [stdout] 7 | use iced_graphics::{Backend, Primitive, Renderer};
[INFO] [stdout]   |                     ^^^^^^^  ^^^^^^^^^  ^^^^^^^^ no `Renderer` in the root
[INFO] [stdout]   |                     |        |
[INFO] [stdout]   |                     |        no `Primitive` in the root
[INFO] [stdout]   |                     no `Backend` in the root
[INFO] [stdout] 
[INFO] [stdout] 
[INFO] [stdout] error[E0432]: unresolved imports `iced_graphics::Defaults`, `iced_graphics::Text`
[INFO] [stdout]  --> src/button/graphics.rs:8:21
[INFO] [stdout]   |
[INFO] [stdout] 8 | use iced_graphics::{Defaults, Text};
[INFO] [stdout]   |                     ^^^^^^^^  ^^^^ no `Text` in the root
[INFO] [stdout]   |                     |
[INFO] [stdout]   |                     no `Defaults` in the root
[INFO] [stdout] 
[INFO] [stdout] 
[INFO] [stdout] error[E0432]: unresolved import `iced_native::mouse`
[INFO] [stdout]  --> src/button/graphics.rs:9:5
[INFO] [stdout]   |
[INFO] [stdout] 9 | use iced_native::mouse;
[INFO] [stdout]   |     ^^^^^^^^^^^^^^^^^^ no `mouse` in the root
[INFO] [stdout] 
[INFO] [stdout] 
[INFO] [stdout] error[E0432]: unresolved import `iced_native::mouse`
[INFO] [stdout]  --> src/button/mod.rs:8:13
[INFO] [stdout]   |
[INFO] [stdout] 8 |     layout, mouse, Clipboard, Element, Event, Hasher, Layout, Length, Point, Rectangle, Widget,
[INFO] [stdout]   |             ^^^^^ no `mouse` in the root
[INFO] [stdout] 
[INFO] [stdout] 
[INFO] [stdout] error[E0432]: unresolved imports `iced_graphics::Backend`, `iced_graphics::Primitive`, `iced_graphics::Renderer`
[INFO] [stdout]  --> src/button/graphics.rs:7:21
[INFO] [stdout]   |
[INFO] [stdout] 7 | use iced_graphics::{Backend, Primitive, Renderer};
[INFO] [stdout]   |                     ^^^^^^^  ^^^^^^^^^  ^^^^^^^^ no `Renderer` in the root
[INFO] [stdout]   |                     |        |
[INFO] [stdout]   |                     |        no `Primitive` in the root
[INFO] [stdout]   |                     no `Backend` in the root
[INFO] [stdout] 
[INFO] [stdout] 
[INFO] [stdout] error[E0432]: unresolved imports `iced_graphics::Defaults`, `iced_graphics::Text`
[INFO] [stdout]  --> src/button/graphics.rs:8:21
[INFO] [stdout]   |
[INFO] [stdout] 8 | use iced_graphics::{Defaults, Text};
[INFO] [stdout]   |                     ^^^^^^^^  ^^^^ no `Text` in the root
[INFO] [stdout]   |                     |
[INFO] [stdout]   |                     no `Defaults` in the root
[INFO] [stdout] 
[INFO] [stdout] 
[INFO] [stdout] error[E0432]: unresolved import `iced_native::mouse`
[INFO] [stdout]  --> src/button/graphics.rs:9:5
[INFO] [stdout]   |
[INFO] [stdout] 9 | use iced_native::mouse;
[INFO] [stdout]   |     ^^^^^^^^^^^^^^^^^^ no `mouse` in the root
[INFO] [stdout] 
[INFO] [stdout] 
[INFO] [stdout] error: aborting due to 4 previous errors
[INFO] [stdout] 
[INFO] [stdout] 
[INFO] [stdout] For more information about this error, try `rustc --explain E0432`.
[INFO] [stdout] 
[INFO] [stdout] error: aborting due to 4 previous errors
[INFO] [stdout] 
[INFO] [stdout] 
[INFO] [stdout] For more information about this error, try `rustc --explain E0432`.
[INFO] [stdout] 
[INFO] [stderr] error: could not compile `volume-controller-ui`.
[INFO] [stderr] 
[INFO] [stderr] To learn more, run the command again with --verbose.
[INFO] [stderr] warning: build failed, waiting for other jobs to finish...
[INFO] [stderr] error: build failed
[INFO] running `Command { std: "docker" "inspect" "60faf1ec9b1fe22ffd4321c1e03fcfa097d9a8ace4009e67732c929dd8bb435d", kill_on_drop: false }`
[INFO] running `Command { std: "docker" "rm" "-f" "60faf1ec9b1fe22ffd4321c1e03fcfa097d9a8ace4009e67732c929dd8bb435d", kill_on_drop: false }`
[INFO] [stdout] 60faf1ec9b1fe22ffd4321c1e03fcfa097d9a8ace4009e67732c929dd8bb435d
